{"id":2,"date":"2016-10-20T19:19:18","date_gmt":"2016-10-20T19:19:18","guid":{"rendered":"http:\/\/localhost\/FTraqueia\/?page_id=2"},"modified":"2024-05-18T19:24:27","modified_gmt":"2024-05-18T18:24:27","slug":"pagina-exemplo","status":"publish","type":"page","link":"http:\/\/ftraqueia.pt\/","title":{"rendered":"Elementor #2"},"content":{"rendered":"\t\t<div data-elementor-type=\"wp-post\" data-elementor-id=\"2\" class=\"elementor elementor-2\">\n\t\t\t\t\t\t<section class=\"elementor-section elementor-top-section elementor-element elementor-element-7655de63 elementor-section-boxed elementor-section-height-default elementor-section-height-default\" data-id=\"7655de63\" data-element_type=\"section\" data-settings=\"{&quot;background_background&quot;:&quot;video&quot;,&quot;background_video_link&quot;:&quot;https:\\\/\\\/youtu.be\\\/SvlDLvvuQxE&quot;}\">\n\t\t\t\t\t\t\t\t<div class=\"elementor-background-video-container elementor-hidden-phone\">\n\t\t\t\t\t\t\t\t\t\t\t\t\t<div class=\"elementor-background-video-embed\"><\/div>\n\t\t\t\t\t\t\t\t\t\t\t\t<\/div>\n\t\t\t\t\t\t\t\t\t<div class=\"elementor-background-overlay\"><\/div>\n\t\t\t\t\t\t\t<div class=\"elementor-container elementor-column-gap-default\">\n\t\t\t\t\t<header class=\"elementor-column elementor-col-100 elementor-top-column elementor-element elementor-element-c72bedd\" data-id=\"c72bedd\" data-element_type=\"column\">\n\t\t\t<div class=\"elementor-widget-wrap elementor-element-populated\">\n\t\t\t\t\t\t<div class=\"elementor-element elementor-element-46cda40a elementor-widget elementor-widget-heading\" data-id=\"46cda40a\" data-element_type=\"widget\" data-widget_type=\"heading.default\">\n\t\t\t\t<div class=\"elementor-widget-container\">\n\t\t\t<h1 class=\"elementor-heading-title elementor-size-large\">Filipa Traqueia<\/h1>\t\t<\/div>\n\t\t\t\t<\/div>\n\t\t\t\t<div class=\"elementor-element elementor-element-2cb8b93 elementor-widget elementor-widget-heading\" data-id=\"2cb8b93\" data-element_type=\"widget\" data-widget_type=\"heading.default\">\n\t\t\t\t<div class=\"elementor-widget-container\">\n\t\t\t<h3 class=\"elementor-heading-title elementor-size-default\">Portef\u00f3lio profissional<br><br><br><br><\/h3>\t\t<\/div>\n\t\t\t\t<\/div>\n\t\t\t\t<div class=\"elementor-element elementor-element-4e86402e elementor-align-center elementor-widget elementor-widget-button\" data-id=\"4e86402e\" data-element_type=\"widget\" data-widget_type=\"button.default\">\n\t\t\t\t<div class=\"elementor-widget-container\">\n\t\t\t\t\t<div class=\"elementor-button-wrapper\">\n\t\t\t<a class=\"elementor-button elementor-button-link elementor-size-lg\" href=\"http:\/\/ftraqueia.pt\/?page_id=4\">\n\t\t\t\t\t\t<span class=\"elementor-button-content-wrapper\">\n\t\t\t\t\t\t\t\t\t<span class=\"elementor-button-text\">About me<\/span>\n\t\t\t\t\t<\/span>\n\t\t\t\t\t<\/a>\n\t\t<\/div>\n\t\t\t\t<\/div>\n\t\t\t\t<\/div>\n\t\t\t\t<div class=\"elementor-element elementor-element-d5f470f elementor-view-default elementor-widget elementor-widget-icon\" data-id=\"d5f470f\" data-element_type=\"widget\" data-widget_type=\"icon.default\">\n\t\t\t\t<div class=\"elementor-widget-container\">\n\t\t\t\t\t<div class=\"elementor-icon-wrapper\">\n\t\t\t<a class=\"elementor-icon\" href=\"https:\/\/www.linkedin.com\/in\/filipa-traqueia-5279b972\" target=\"_blank\">\n\t\t\t\t\t\t\t<i class=\"fa fa-linkedin\" aria-hidden=\"true\"><\/i>\n\t\t\t\t\t\t<\/a>\n\t\t<\/div>\n\t\t\t\t<\/div>\n\t\t\t\t<\/div>\n\t\t\t\t<div class=\"elementor-element elementor-element-6ebe74d elementor-view-default elementor-widget elementor-widget-icon\" data-id=\"6ebe74d\" data-element_type=\"widget\" data-widget_type=\"icon.default\">\n\t\t\t\t<div class=\"elementor-widget-container\">\n\t\t\t\t\t<div class=\"elementor-icon-wrapper\">\n\t\t\t<a class=\"elementor-icon\" href=\"https:\/\/www.instagram.com\/ftraqueia\/\" target=\"_blank\">\n\t\t\t\t\t\t\t<i class=\"fa fa-instagram\" aria-hidden=\"true\"><\/i>\n\t\t\t\t\t\t<\/a>\n\t\t<\/div>\n\t\t\t\t<\/div>\n\t\t\t\t<\/div>\n\t\t\t\t\t<\/div>\n\t\t<\/header>\n\t\t\t\t\t<\/div>\n\t\t<\/section>\n\t\t\t\t<section class=\"elementor-section elementor-top-section elementor-element elementor-element-538b0d1f elementor-section-boxed elementor-section-height-default elementor-section-height-default\" data-id=\"538b0d1f\" data-element_type=\"section\">\n\t\t\t\t\t\t<div class=\"elementor-container elementor-column-gap-wider\">\n\t\t\t\t\t<div class=\"elementor-column elementor-col-100 elementor-top-column elementor-element elementor-element-8f0edc8\" data-id=\"8f0edc8\" data-element_type=\"column\">\n\t\t\t<div class=\"elementor-widget-wrap\">\n\t\t\t\t\t\t\t<\/div>\n\t\t<\/div>\n\t\t\t\t\t<\/div>\n\t\t<\/section>\n\t\t\t\t<section class=\"elementor-section elementor-top-section elementor-element elementor-element-20802c1 elementor-section-boxed elementor-section-height-default elementor-section-height-default\" data-id=\"20802c1\" data-element_type=\"section\">\n\t\t\t\t\t\t<div class=\"elementor-container elementor-column-gap-default\">\n\t\t\t\t\t<div class=\"elementor-column elementor-col-33 elementor-top-column elementor-element elementor-element-24767c22\" data-id=\"24767c22\" data-element_type=\"column\">\n\t\t\t<div class=\"elementor-widget-wrap elementor-element-populated\">\n\t\t\t\t\t\t<div class=\"elementor-element elementor-element-3803e320 elementor-position-top elementor-widget elementor-widget-image-box\" data-id=\"3803e320\" data-element_type=\"widget\" data-widget_type=\"image-box.default\">\n\t\t\t\t<div class=\"elementor-widget-container\">\n\t\t\t<div class=\"elementor-image-box-wrapper\"><figure class=\"elementor-image-box-img\"><a href=\"http:\/\/ftraqueia.pt\/?tag=multimedia\" tabindex=\"-1\"><img fetchpriority=\"high\" decoding=\"async\" width=\"1838\" height=\"1272\" src=\"http:\/\/ftraqueia.pt\/wp-content\/uploads\/2023\/03\/Brilhar-No-Escuro1-e1679961459754.jpg\" class=\"attachment-full size-full wp-image-1925\" alt=\"\" srcset=\"http:\/\/ftraqueia.pt\/wp-content\/uploads\/2023\/03\/Brilhar-No-Escuro1-e1679961459754.jpg 1838w, http:\/\/ftraqueia.pt\/wp-content\/uploads\/2023\/03\/Brilhar-No-Escuro1-e1679961459754-300x208.jpg 300w, http:\/\/ftraqueia.pt\/wp-content\/uploads\/2023\/03\/Brilhar-No-Escuro1-e1679961459754-768x531.jpg 768w, http:\/\/ftraqueia.pt\/wp-content\/uploads\/2023\/03\/Brilhar-No-Escuro1-e1679961459754-1024x709.jpg 1024w\" sizes=\"(max-width: 1838px) 100vw, 1838px\" \/><\/a><\/figure><div class=\"elementor-image-box-content\"><h3 class=\"elementor-image-box-title\"><a href=\"http:\/\/ftraqueia.pt\/?tag=multimedia\">Multim\u00e9dia<\/a><\/h3><\/div><\/div>\t\t<\/div>\n\t\t\t\t<\/div>\n\t\t\t\t\t<\/div>\n\t\t<\/div>\n\t\t\t\t<div class=\"elementor-column elementor-col-33 elementor-top-column elementor-element elementor-element-10d1cde2\" data-id=\"10d1cde2\" data-element_type=\"column\">\n\t\t\t<div class=\"elementor-widget-wrap elementor-element-populated\">\n\t\t\t\t\t\t<div class=\"elementor-element elementor-element-ad6e59d elementor-position-top elementor-widget elementor-widget-image-box\" data-id=\"ad6e59d\" data-element_type=\"widget\" data-widget_type=\"image-box.default\">\n\t\t\t\t<div class=\"elementor-widget-container\">\n\t\t\t<div class=\"elementor-image-box-wrapper\"><figure class=\"elementor-image-box-img\"><a href=\"http:\/\/ftraqueia.pt\/?tag=ciencia\" tabindex=\"-1\"><img decoding=\"async\" width=\"1839\" height=\"1272\" src=\"http:\/\/ftraqueia.pt\/wp-content\/uploads\/2024\/05\/mw-1920.jpg\" class=\"attachment-full size-full wp-image-2181\" alt=\"\" srcset=\"http:\/\/ftraqueia.pt\/wp-content\/uploads\/2024\/05\/mw-1920.jpg 1839w, http:\/\/ftraqueia.pt\/wp-content\/uploads\/2024\/05\/mw-1920-300x208.jpg 300w, http:\/\/ftraqueia.pt\/wp-content\/uploads\/2024\/05\/mw-1920-1024x708.jpg 1024w, http:\/\/ftraqueia.pt\/wp-content\/uploads\/2024\/05\/mw-1920-768x531.jpg 768w, http:\/\/ftraqueia.pt\/wp-content\/uploads\/2024\/05\/mw-1920-1536x1062.jpg 1536w\" sizes=\"(max-width: 1839px) 100vw, 1839px\" \/><\/a><\/figure><div class=\"elementor-image-box-content\"><h3 class=\"elementor-image-box-title\"><a href=\"http:\/\/ftraqueia.pt\/?tag=ciencia\">Ci\u00eancia<\/a><\/h3><\/div><\/div>\t\t<\/div>\n\t\t\t\t<\/div>\n\t\t\t\t\t<\/div>\n\t\t<\/div>\n\t\t\t\t<div class=\"elementor-column elementor-col-33 elementor-top-column elementor-element elementor-element-3c5e4db3\" data-id=\"3c5e4db3\" data-element_type=\"column\">\n\t\t\t<div class=\"elementor-widget-wrap elementor-element-populated\">\n\t\t\t\t\t\t<div class=\"elementor-element elementor-element-f7111ac elementor-position-top elementor-widget elementor-widget-image-box\" data-id=\"f7111ac\" data-element_type=\"widget\" data-widget_type=\"image-box.default\">\n\t\t\t\t<div class=\"elementor-widget-container\">\n\t\t\t<div class=\"elementor-image-box-wrapper\"><figure class=\"elementor-image-box-img\"><a href=\"http:\/\/ftraqueia.pt\/?tag=reportagem\" tabindex=\"-1\"><img decoding=\"async\" width=\"1839\" height=\"1271\" src=\"http:\/\/ftraqueia.pt\/wp-content\/uploads\/2024\/05\/mw-1920aa.jpg\" class=\"attachment-full size-full wp-image-2178\" alt=\"\" srcset=\"http:\/\/ftraqueia.pt\/wp-content\/uploads\/2024\/05\/mw-1920aa.jpg 1839w, http:\/\/ftraqueia.pt\/wp-content\/uploads\/2024\/05\/mw-1920aa-300x207.jpg 300w, http:\/\/ftraqueia.pt\/wp-content\/uploads\/2024\/05\/mw-1920aa-1024x708.jpg 1024w, http:\/\/ftraqueia.pt\/wp-content\/uploads\/2024\/05\/mw-1920aa-768x531.jpg 768w, http:\/\/ftraqueia.pt\/wp-content\/uploads\/2024\/05\/mw-1920aa-1536x1062.jpg 1536w\" sizes=\"(max-width: 1839px) 100vw, 1839px\" \/><\/a><\/figure><div class=\"elementor-image-box-content\"><h3 class=\"elementor-image-box-title\"><a href=\"http:\/\/ftraqueia.pt\/?tag=reportagem\">Reportagens<\/a><\/h3><\/div><\/div>\t\t<\/div>\n\t\t\t\t<\/div>\n\t\t\t\t\t<\/div>\n\t\t<\/div>\n\t\t\t\t\t<\/div>\n\t\t<\/section>\n\t\t\t\t<section class=\"elementor-section elementor-top-section elementor-element elementor-element-6cc5d84 elementor-section-boxed elementor-section-height-default elementor-section-height-default\" data-id=\"6cc5d84\" data-element_type=\"section\">\n\t\t\t\t\t\t<div class=\"elementor-container elementor-column-gap-default\">\n\t\t\t\t\t<div class=\"elementor-column elementor-col-50 elementor-top-column elementor-element elementor-element-9c8e9dc\" data-id=\"9c8e9dc\" data-element_type=\"column\">\n\t\t\t<div class=\"elementor-widget-wrap elementor-element-populated\">\n\t\t\t\t\t\t<div class=\"elementor-element elementor-element-740f55a0 elementor-position-top elementor-widget elementor-widget-image-box\" data-id=\"740f55a0\" data-element_type=\"widget\" data-widget_type=\"image-box.default\">\n\t\t\t\t<div class=\"elementor-widget-container\">\n\t\t\t<div class=\"elementor-image-box-wrapper\"><figure class=\"elementor-image-box-img\"><a href=\"http:\/\/ftraqueia.pt\/?tag=fact-checking\" tabindex=\"-1\"><img decoding=\"async\" src=\"http:\/\/ftraqueia.pt\/wp-content\/uploads\/2023\/03\/Design-sem-nome1-e1679960935333.jpg\" title=\"Design sem nome1\" alt=\"Design sem nome1\" loading=\"lazy\" \/><\/a><\/figure><div class=\"elementor-image-box-content\"><h3 class=\"elementor-image-box-title\"><a href=\"http:\/\/ftraqueia.pt\/?tag=fact-checking\">Fact Checking<\/a><\/h3><\/div><\/div>\t\t<\/div>\n\t\t\t\t<\/div>\n\t\t\t\t\t<\/div>\n\t\t<\/div>\n\t\t\t\t<div class=\"elementor-column elementor-col-50 elementor-top-column elementor-element elementor-element-8e6539f\" data-id=\"8e6539f\" data-element_type=\"column\">\n\t\t\t<div class=\"elementor-widget-wrap elementor-element-populated\">\n\t\t\t\t\t\t<div class=\"elementor-element elementor-element-cafa8f1 elementor-position-top elementor-widget elementor-widget-image-box\" data-id=\"cafa8f1\" data-element_type=\"widget\" data-widget_type=\"image-box.default\">\n\t\t\t\t<div class=\"elementor-widget-container\">\n\t\t\t<div class=\"elementor-image-box-wrapper\"><figure class=\"elementor-image-box-img\"><a href=\"http:\/\/ftraqueia.pt\/?tag=artigo\" tabindex=\"-1\"><img loading=\"lazy\" decoding=\"async\" width=\"1024\" height=\"696\" src=\"http:\/\/ftraqueia.pt\/wp-content\/uploads\/2018\/01\/669790-e1679961570283-1024x696.jpg\" class=\"attachment-large size-large wp-image-888\" alt=\"\" srcset=\"http:\/\/ftraqueia.pt\/wp-content\/uploads\/2018\/01\/669790-e1679961570283-1024x696.jpg 1024w, http:\/\/ftraqueia.pt\/wp-content\/uploads\/2018\/01\/669790-e1679961570283-300x204.jpg 300w, http:\/\/ftraqueia.pt\/wp-content\/uploads\/2018\/01\/669790-e1679961570283-768x522.jpg 768w, http:\/\/ftraqueia.pt\/wp-content\/uploads\/2018\/01\/669790-e1679961570283.jpg 1950w\" sizes=\"(max-width: 1024px) 100vw, 1024px\" \/><\/a><\/figure><div class=\"elementor-image-box-content\"><h3 class=\"elementor-image-box-title\"><a href=\"http:\/\/ftraqueia.pt\/?tag=artigo\">Not\u00edcias<\/a><\/h3><\/div><\/div>\t\t<\/div>\n\t\t\t\t<\/div>\n\t\t\t\t\t<\/div>\n\t\t<\/div>\n\t\t\t\t\t<\/div>\n\t\t<\/section>\n\t\t\t\t<\/div>\n\t\t","protected":false},"excerpt":{"rendered":"<p>Filipa Traqueia Portef\u00f3lio profissional About me Multim\u00e9dia Ci\u00eancia Reportagens Fact Checking Not\u00edcias<\/p>\n","protected":false},"author":1,"featured_media":0,"parent":0,"menu_order":0,"comment_status":"closed","ping_status":"closed","template":"elementor_header_footer","meta":{"footnotes":""},"class_list":["post-2","page","type-page","status-publish","hentry"],"_links":{"self":[{"href":"http:\/\/ftraqueia.pt\/index.php?rest_route=\/wp\/v2\/pages\/2","targetHints":{"allow":["GET"]}}],"collection":[{"href":"http:\/\/ftraqueia.pt\/index.php?rest_route=\/wp\/v2\/pages"}],"about":[{"href":"http:\/\/ftraqueia.pt\/index.php?rest_route=\/wp\/v2\/types\/page"}],"author":[{"embeddable":true,"href":"http:\/\/ftraqueia.pt\/index.php?rest_route=\/wp\/v2\/users\/1"}],"replies":[{"embeddable":true,"href":"http:\/\/ftraqueia.pt\/index.php?rest_route=%2Fwp%2Fv2%2Fcomments&post=2"}],"version-history":[{"count":85,"href":"http:\/\/ftraqueia.pt\/index.php?rest_route=\/wp\/v2\/pages\/2\/revisions"}],"predecessor-version":[{"id":2190,"href":"http:\/\/ftraqueia.pt\/index.php?rest_route=\/wp\/v2\/pages\/2\/revisions\/2190"}],"wp:attachment":[{"href":"http:\/\/ftraqueia.pt\/index.php?rest_route=%2Fwp%2Fv2%2Fmedia&parent=2"}],"curies":[{"name":"wp","href":"https:\/\/api.w.org\/{rel}","templated":true}]}}